the remainder when 147 is divided by 39.
30
What is the remainder when 318 is divided by 46?
42
Calculate the remainder when 227 is divided by 204.
23
What is the remainder when 6066 is divided by 95?
81
Calculate the remainder when 234 is divided by 80.
74
What is the remainder when 781 is divided by 87?
85
Calculate the remainder when 193 is divided by 71.
51
Calculate the remainder when 300 is divided by 97.
9
Calculate the remainder when 125 is divided by 16.
13
Calculate the remainder when 417 is divided by 21.
18
Calculate the remainder when 181 is divided by 23.
20
Calculate the remainder when 499 is divided by 21.
16
What is the remainder when 422 is divided by 6?
2
What is the remainder when 406 is divided by 8?
6
What is the remainder when 129 is divided by 26?
25
Calculate the remainder when 73 is divided by 51.
22
What is the remainder when 89 is divided by 45?
44
What is the remainder when 54 is divided by 28?
26
What is the remainder when 672 is divided by 26?
22
Calculate the remainder when 299 is divided by 50.
49
What is the remainder when 259 is divided by 76?
31
What is the remainder when 13605 is divided by 21?
18
What is the remainder when 157 is divided by 20?
17
Calculate the remainder when 197 is divided by 22.
21
What is the remainder when 1057 is divided by 46?
45
Calculate the remainder when 1373 is divided by 672.
29
What is the remainder when 406 is divided by 13?
3
Calculate the remainder when 649 is divided by 210.
19
Calculate the remainder when 2252 is divided by 23.
21
What is the remainder when 52288 is divided by 315?
313
Calculate the remainder when 506 is divided by 32.
26
What is the remainder when 147 is divided by 27?
12
Calculate the remainder when 9237 is divided by 42.
39
What is the remainder when 234 is divided by 14?
10
Calculate the remainder when 207 is divided by 42.
39
Calculate the remainder when 37 is divided by 27.
10
What is the remainder when 3088 is divided by 34?
28
What is the remainder when 133 is divided by 29?
17
What is the remainder when 135 is divided by 75?
60
Calculate the remainder when 147 is divided by 34.
11
Calculate the remainder when 427 is divided by 16.
11
What is the remainder when 5989 is divided by 56?
53
What is the remainder when 245 is divided by 109?
27
What is the remainder when 75 is divided by 11?
9
Calculate the remainder when 833 is divided by 40.
33
Calculate the remainder when 131 is divided by 58.
15
What is the remainder when 876 is divided by 20?
16
Calculate the remainder when 253 is divided by 32.
29
Calculate the remainder when 5455 is divided by 21.
16
Calculate the remainder when 248 is divided by 14.
10
What is the remainder when 611 is divided by 35?
16
Calculate the remainder when 263 is divided by 6.
5
Calculate the remainder when 241 is divided by 42.
31
Calculate the remainder when 2044 is divided by 510.
4
Calculate the remainder when 41 is divided by 34.
7
What is the remainder when 283 is divided by 51?
28
What is the remainder when 634 is divided by 29?
25
Calculate the remainder when 99 is divided by 15.
9
What is the remainder when 134 is divided by 68?
66
What is the remainder when 56 is divided by 19?
18
What is the remainder when 24879 is divided by 13?
10
What is the remainder when 117 is divided by 18?
9
Calculate the remainder when 189 is divided by 163.
26
Calculate the remainder when 559 is divided by 33.
31
What is the remainder when 34 is divided by 5?
4
What is the remainder when 475 is divided by 30?
25
What is the remainder when 2593 is divided by 49?
45
What is the remainder when 473 is divided by 5?
3
Calculate the remainder when 631 is divided by 34.
19
What is the remainder when 17 is divided by 9?
8
Calculate the remainder when 615 is divided by 7.
6
What is the remainder when 2162 is divided by 57?
53
Calculate the remainder when 147 is divided by 25.
22
Calculate the remainder when 286 is divided by 58.
54
What is the remainder when 2253 is divided by 747?
12
What is the remainder when 307 is divided by 10?
7
Calculate the remainder when 253 is divided by 15.
13
What is the remainder when 6954 is divided by 3475?
4
Calculate the remainder when 1000 is divided by 483.
34
Calculate the remainder when 11464 is divided by 42.
40
What is the remainder when 360 is divided by 124?
112
Calculate the remainder when 101 is divided by 27.
20
Calculate the remainder when 57 is divided by 36.
21
What is the remainder when 429 is divided by 36?
33
What is the remainder when 2025 is divided by 157?
141
What is the remainder when 4737 is divided by 432?
417
Calculate the remainder when 1678 is divided by 140.
138
What is the remainder when 335 is divided by 68?
63
What is the remainder when 2020 is divided by 27?
22
What is the remainder when 3544 is divided by 142?
136
Calculate the remainder when 8173 is divided by 13.
9
What is the remainder when 16763 is divided by 166?
163
Calculate the remainder when 58 is divided by 21.
16
What is the remainder when 77 is divided by 11?
0
Calculate the remainder when 1842 is divided by 26.
22
What is the remainder when 99 is divided by 35?
29
What is the remainder when 8360 is divided by 12?
8
Calculate the remainder when 477 is divided by 48.
45
Calculate the remainder when 461 is divided by 207.
47
Calculate the remainder when 557 is divided by 36.
17
Calculate the remainder when 428 is divided by 70.
8
Calculate the remainder when 530 is divided by 226.
78
What is the remainder when 207 is divided by 13?
12
Calculate the remainder when 243 is divided by 118.
7
Calculate the remainder when 164 is divided by 54.
2
Calculate the remainder when 61 is divided by 12.
1
What is the remainder when 232 is divided by 83?
66
What is the remainder when 499 is divided by 72?
67
Calculate the remainder when 182 is divided by 60.
2
Calculate the remainder when 461 is divided by 23.
1
What is the remainder when 84 is divided by 5?
4
Calculate the remainder when 149 is divided by 132.
17
What is the remainder when 331 is divided by 25?
6
What is the remainder when 479 is divided by 100?
79
Calculate the remainder when 1867 is divided by 32.
11
What is the remainder when 349 is divided by 155?
39
What is the remainder when 454 is divided by 19?
17
Calculate the remainder when 499 is divided by 23.
16
What is the remainder when 96 is divided by 35?
26
What is the remainder when 40 is divided by 4?
0
What is the remainder when 459 is divided by 116?
111
Calculate the remainder when 912 is divided by 15.
12
What is the remainder when 5040 is divided by 168?
0
What is the remainder when 955 is divided by 249?
208
Calculate the remainder when 33 is divided by 7.
5
Calculate the remainder when 1139 is divided by 20.
19
Calculate the remainder when 577 is divided by 30.
7
What is the remainder when 47 is divided by 1?
0
What is the remainder when 141 is divided by 51?
39
Calculate the remainder when 76 is divided by 22.
10
What is the remainder when 154 is divided by 33?
22
What is the remainder when 436 is divided by 49?
44
Calculate the remainder when 1358 is divided by 68.
66
What is the remainder when 8213 is divided by 37?
36
Calculate the remainder when 35 is divided by 22.
13
What is the remainder when 582 is divided by 31?
24
Calculate the remainder when 212 is divided by 24.
20
Calculate the remainder when 926 is divided by 29.
27
Calculate the remainder when 3430 is divided by 156.
154
What is the remainder when 307 is divided by 10?
7
What is the remainder when 716 is divided by 174?
20
What is the remainder when 136 is divided by 82?
54
What is the remainder when 1169 is divided by 57?
29
Calculate the remainder when 15433 is divided by 105.
103
What is the remainder when 2214 is divided by 101?
93
What is the remainder when 435 is divided by 86?
5
What is the remainder when 163 is divided by 159?
4
What is the remainder when 431 is divided by 87?
83
Calculate the remainder when 180 is divided by 11.
4
Calculate the remainder when 3947 is divided by 76.
71
Calculate the remainder when 138 is divided by 25.
13
What is the remainder when 22575 is divided by 107?
105
What is the remainder when 1487 is divided by 68?
59
Calculate the remainder when 486 is divided by 91.
31
Calculate the remainder whe